is the highest common divisor of 20 and f?
20
Let s(c) = 9*c**3 + 1. Let o be s(1). Suppose 9*f + 3*v = 4*f + 10, -f + v = -o. What is the greatest common factor of 5 and f?
5
Let m = 23 - 3. Calculate the highest common factor of m and 10.
10
Let o(z) = 2*z**2 - 14*z - 6. Let f be o(10). Calculate the greatest common factor of 36 and f.
18
Suppose 0 = 4*g + 3*q + 29, q - 15 = 4*g + 2. Let r = -1 - g. Let z = 7 + 13. What is the highest common divisor of r and z?
4
Let i = -3 - -7. Let s(u) = 4*u - u + 3*u + 6*u**2 - 2*u - i. Let a be s(4). What is the highest common factor of a and 12?
12
Suppose 2*w - s - 10 = 0, 2*s + 23 = 6*w - w. Suppose 3*l + 4*v - 2 = 0, -4*l + w = 6*v - v. What is the greatest common divisor of l and 22?
2
Let f be 5/4*264/6. What is the greatest common factor of 5 and f?
5
Let i = 38 + -31. Calculate the greatest common factor of 49 and i.
7
Let r(t) = -4*t - 53. Let c be r(-19). Suppose 4*k - 3 = -19, 5*k = 2*v - 16. Let a be v - (-3 + 0) - -22. Calculate the highest common divisor of c and a.
23
Suppose 0 = -7*x + 4*x + 324. Calculate the highest common divisor of 24 and x.
12
Suppose -1 = b - 10. Suppose 4*r - 4*h - 12 = 0, 4*r - h + 0 = 6. Calculate the highest common factor of b and r.
1
Suppose 1 = r - 4, -4*a - 3*r = -271. What is the highest common factor of a and 16?
16
Let x(c) be the second derivative of -15*c**3/2 - c**2/2 + 4*c. Let i be x(-1). Suppose -i + 12 = -2*j. Calculate the greatest common divisor of j and 16.
16
Let b(n) = 2*n + 1. Let p = -8 + 11. Let g be b(p). Suppose 5*o + g = -2*u, 4*o - 6 = -3*u + 1. What is the highest common divisor of u and 81?
9
Let y(i) = 13*i**2. Let g be y(-1). Let z = 231 + -218. What is the greatest common factor of g and z?
13
Let r be (-4)/6*(-15 + 3). Let x(w) = 2*w - 9. Let q be x(7). Suppose g + 3 = q. Calculate the greatest common factor of r and g.
2
Suppose -4*p + 13 = -47. Suppose -4*h + p = h. Let g be -5 + h - 8/(-1). What is the highest common divisor of g and 3?
3
Let u = -22 + 41. Calculate the greatest common divisor of u and 190.
19
Let c(g) = -2*g**2 + 9*g - 2. Let j be c(4). What is the greatest common factor of j and 10?
2
Suppose 3*r = 10 - 97. Let q = 40 + r. Calculate the highest common factor of 11 and q.
11
Let z = -17 - -31. What is the highest common factor of 28 and z?
14
Let o = 38 - 32. What is the highest common divisor of 78 and o?
6
Let c = 6 - -18. Let x be ((-8)/(-3))/(3/9). Calculate the greatest common factor of c and x.
8
Let a = -18 - 3. Let m = 57 + a. Let x be 22 + (-5)/(10/(-4)). What is the greatest common divisor of m and x?
12
Suppose -p = 4*u - 215, 0 = -0*u - 3*u + 2*p + 164. Let f = u - 10. Let i(h) = -4*h - 5. Let l be i(-4). What is the highest common divisor of f and l?
11
Let n(t) = t**2 - 3*t + 32. Let h be n(6). What is the highest common factor of 20 and h?
10
Let q(v) = v**2 - 3*v + 3. Let h be q(3). Let d = h + 1. Suppose -d = 5*i - 74. What is the highest common factor of i and 7?
7
Suppose -4*m - 3*r - 86 = -257, 0 = 3*m + 4*r - 137. Suppose m = 5*w - 456. Calculate the greatest common factor of w and 9.
9
Let s be -4*1/(4/(-3)). Suppose y + 541 = -s*i, -i + 3*y - 379 = i. Let c be (-1 - 0)*i/2. Calculate the greatest common divisor of c and 13.
13
Let d(h) = -h**3 + 9*h**2 - 11*h + 4. Let r be d(8). Let s be (-6)/(-9) + r/(-6). Let g be 2/9 - 322/(-9). What is the greatest common divisor of g and s?
4
Let w be (12/10)/((-5)/25). Let p be (-119)/w - 2/(-12). What is the greatest common divisor of 40 and p?
20
Let g(l) = -5 + 4*l - 5*l + 4*l + 5*l + l**2. Let m be g(-10). Calculate the highest common divisor of m and 165.
15
Let v = -4 - -6. Let m be 2/v + (1 - 0). What is the greatest common divisor of m and 18?
2
Let y(l) be the second derivative of 1/2*l**2 + 1/12*l**4 + 27/20*l**5 - 1/6*l**3 + 0 + 3*l. Let b be y(1). Calculate the highest common divisor of b and 42.
14
Suppose -5*w + 503 = -267. Suppose -j = -3*j + w. Calculate the greatest common factor of j and 7.
7
Suppose p - 2 - 10 = 0. Calculate the highest common factor of 12 and p.
12
Let a be (-12)/(5 - 3) + 222. Suppose -s = 4*s - 120. Calculate the highest common divisor of a and s.
24
Let t be (-138)/(-6) - (0 - -3). What is the greatest common factor of 8 and t?
4
Let h(x) = x**3 - 4*x**2 + 2*x - 3. Let k be h(4). Suppose 5*g - 83 = -0*g + 4*v, -v + 28 = 2*g. Calculate the greatest common divisor of k and g.
5
Let z be -40*(52/20 + -3). Calculate the highest common factor of z and 2.
2
Let n be -69*1/(-3)*-1. Let l = -12 - n. Let j = -13 + 68. What is the greatest common factor of l and j?
11
Let d = -3 + 9. Let c be 10/5*d/4. Let i = 1 + 8. What is the greatest common factor of c and i?
3
Let v = 128 + -64. Calculate the greatest common divisor of v and 48.
16
Let t = 19 + -30. Let u(z) = z**3 + 12*z**2 + 12*z + 16. Let m be u(t). Calculate the greatest common factor of 45 and m.
5
Let q(a) = -a + 18. Let r be q(8). What is the greatest common factor of r and 25?
5
Let u be (-10)/15 + (-617)/(-6)*2. What is the highest common factor of 82 and u?
41
Suppose -5*g + 7*g = 350. What is the highest common divisor of 25 and g?
25
Suppose -6*m + 70 = -m. What is the greatest common divisor of 126 and m?
14
Suppose 4*i + 4 = 12. Let t be i/(9/(-6) + 2). Suppose 4*b + t*v - 26 = v, -4 = -b - 2*v. What is the highest common factor of b and 8?
8
Let r(i) be the second derivative of i**4/12 - i**3 + 4*i**2 + 10*i. Let a be r(6). Calculate the highest common divisor of 20 and a.
4
Suppose -4*f + 48 = -4*t, 3*t - 2 = 1. Let g = -82 - -173. Calculate the greatest common divisor of g and f.
13
Let l = 8 - 8. Suppose -4*i - 80 = -5*s, s + 2*i = -l*s + 2. Let r be 15/2*(-24)/(-10). Calculate the greatest common factor of r and s.
6
Let l be -1 + (21 - (-6)/(-2)). Let z(r) = -3*r + 4. Let n be z(3). Let i = l - n. Calculate the highest common divisor of 33 and i.
11
Suppose u = 3*k + 4*u - 420, 3*k - 2*u - 420 = 0. Let a = 0 + 0. Let h be (a - -15)/(3/4). What is the greatest common factor of h and k?
20
Let d = -26 - -34. Calculate the highest common divisor of d and 12.
4
Let m = 36 - 30. Calculate the highest common factor of 9 and m.
3
Let o(l) = -2*l + 6. Let g be o(5). Let u(p) = 2*p**2 + 5*p - 1. Let k be u(g). What is the highest common factor of 22 and k?
11
Let q(c) = -14 + c + c + 15. Let o be q(2). Suppose -4*m = 2*r - 6 - 10, 24 = 2*m + o*r. Calculate the highest common factor of m and 14.
2
Let m be 22/5 + 12/(-30). What is the greatest common divisor of 4 and m?
4
Let d = -26 - 91. Let l be (-6)/8 + d/(-12). What is the highest common divisor of l and 18?
9
Let a be 10/(-55) - (-2666)/22. Calculate the highest common divisor of a and 11.
11
Let x(s) = 3 - 7*s + 3 + s**2 - 2*s**2 + 0*s. Let j be x(-6). What is the highest common divisor of j and 12?
12
Let y = -20 - -36. Suppose 4*j = -h - 0*h + 96, 3*j = 5*h - 572. What is the greatest common factor of h and y?
16
Let u(z) = -z**2 - 7*z - 3. Let k be u(-5). Suppose -8*g + 40 = -k*g. What is the highest common divisor of g and 16?
8
Suppose 2*l = 6*i - 2*i - 182, -i + 73 = 5*l. Let w be (-1 - (-2 - -1)) + i. What is the highest common factor of w and 12?
12
Let w = -39 - -60. What is the greatest common factor of w and 3?
3
Let g(y) = 2*y + 4. Let v be g(7). What is the highest common factor of 54 and v?
18
Let n = 21 - 7. Calculate the highest common divisor of 14 and n.
14
Let p = -67 + 79. Calculate the highest common divisor of p and 60.
12
Let h(c) = -c**2 + 18*c - 26. Let u be h(15). Calculate the highest common factor of u and 171.
19
Suppose -2*f + 12 + 0 = 0. Suppose 0 = -4*b + 2*b + 108. Calculate the highest common factor of b and f.
6
Let r(z) = -18*z + 2. Let t(m) = 19*m - 3. Let p(i) = 6*r(i) + 5*t(i). Let l be p(-2). What is the highest common divisor of l and 184?
23
Let t = -30 + 44. What is the greatest common factor of 112 and t?
14
Let h be ((-32)/(-10))/((-4)/(-30)). What is the highest common factor of h and 264?
24
Let r be (1/(6/(-80)))/((-3)/9). What is the highest common divisor of r and 5?
5
Suppose o = 58 - 2. Calculate the highest common factor of o and 7.
7
Let a = 57 + -21. What is the greatest common divisor of 324 and a?
36
Let x = -51 + 123. Let w = 36 - x. 